{"id":47,"date":"2024-03-26T15:14:15","date_gmt":"2024-03-26T15:14:15","guid":{"rendered":"https:\/\/immanuelhoffmann.de\/?page_id=47"},"modified":"2024-04-01T17:42:59","modified_gmt":"2024-04-01T17:42:59","slug":"agenda","status":"publish","type":"page","link":"https:\/\/immanuelhoffmann.de\/index.php\/agenda\/","title":{"rendered":"Agenda"},"content":{"rendered":"<p><img fetchpriority=\"high\" decoding=\"async\" class=\"size-medium wp-image-81 alignright\" src=\"https:\/\/immanuelhoffmann.de\/wp-content\/uploads\/2024\/04\/IMG-20231117-WA0012-225x300.jpg\" alt=\"\" width=\"225\" height=\"300\" srcset=\"https:\/\/immanuelhoffmann.de\/wp-content\/uploads\/2024\/04\/IMG-20231117-WA0012-225x300.jpg 225w, https:\/\/immanuelhoffmann.de\/wp-content\/uploads\/2024\/04\/IMG-20231117-WA0012-768x1024.jpg 768w, https:\/\/immanuelhoffmann.de\/wp-content\/uploads\/2024\/04\/IMG-20231117-WA0012-1152x1536.jpg 1152w, https:\/\/immanuelhoffmann.de\/wp-content\/uploads\/2024\/04\/IMG-20231117-WA0012.jpg 1536w\" sizes=\"(max-width: 225px) 100vw, 225px\" \/> 1. Sparsame Verwaltung: verantwortungsvoller Umgang mit Steuermitteln\u00a0 &#8211;&gt; Freiraum f\u00fcr Senkungen der Umlage schaffen<\/p>\n<p>2. Faire Zusammenarbeit mit Ortsgemeinden, Ehrenamtlichen und B\u00fcrgern: offene Kommunikation, transparente Entscheidungen &#8211;&gt; demokratische Prozesse<\/p>\n<p>3. B\u00fcrgernahe Verwaltung:\u00a0 Die VG Verwaltung ist als Teil des Staates dazu da, m\u00f6glichst ger\u00e4uschlos zu funktionieren &#8211;&gt; daf\u00fcr stehe ich pers\u00f6nlich ein<\/p>\n","protected":false},"excerpt":{"rendered":"<p>1. Sparsame Verwaltung: verantwortungsvoller Umgang mit Steuermitteln\u00a0 &#8211;&gt; Freiraum f\u00fcr Senkungen der Umlage schaffen 2. Faire Zusammenarbeit mit Ortsgemeinden, Ehrenamtlichen und B\u00fcrgern: offene Kommunikation, transparente Entscheidungen &#8211;&gt; demokratische Prozesse 3. B\u00fcrgernahe Verwaltung:\u00a0 Die VG Verwaltung ist als Teil des Staates dazu da, m\u00f6glichst ger\u00e4uschlos zu funktionieren &#8211;&gt; daf\u00fcr stehe ich pers\u00f6nlich ein<\/p>\n","protected":false},"author":1,"featured_media":0,"parent":0,"menu_order":0,"comment_status":"closed","ping_status":"closed","template":"","meta":{"footnotes":""},"class_list":["post-47","page","type-page","status-publish","hentry","entry"],"yoast_head":"<!-- This site is optimized with the Yoast SEO plugin v27.5 - https:\/\/yoast.com\/product\/yoast-seo-wordpress\/ -->\n<title>Agenda - Immanuel Hoffmann: Ihr B\u00fcrgermeisterkandidat der CDU<\/title>\n<meta name=\"robots\" content=\"index, follow, max-snippet:-1, max-image-preview:large, max-video-preview:-1\" \/>\n<link rel=\"canonical\" href=\"https:\/\/immanuelhoffmann.de\/index.php\/agenda\/\" \/>\n<meta property=\"og:locale\" content=\"de_DE\" \/>\n<meta property=\"og:type\" content=\"article\" \/>\n<meta property=\"og:title\" content=\"Agenda - Immanuel Hoffmann: Ihr B\u00fcrgermeisterkandidat der CDU\" \/>\n<meta property=\"og:description\" content=\"1. Sparsame Verwaltung: verantwortungsvoller Umgang mit Steuermitteln\u00a0 &#8211;&gt; Freiraum f\u00fcr Senkungen der Umlage schaffen 2. Faire Zusammenarbeit mit Ortsgemeinden, Ehrenamtlichen und B\u00fcrgern: offene Kommunikation, transparente Entscheidungen &#8211;&gt; demokratische Prozesse 3. B\u00fcrgernahe Verwaltung:\u00a0 Die VG Verwaltung ist als Teil des Staates dazu da, m\u00f6glichst ger\u00e4uschlos zu funktionieren &#8211;&gt; daf\u00fcr stehe ich pers\u00f6nlich ein\" \/>\n<meta property=\"og:url\" content=\"https:\/\/immanuelhoffmann.de\/index.php\/agenda\/\" \/>\n<meta property=\"og:site_name\" content=\"Immanuel Hoffmann: Ihr B\u00fcrgermeisterkandidat der CDU\" \/>\n<meta property=\"article:modified_time\" content=\"2024-04-01T17:42:59+00:00\" \/>\n<meta property=\"og:image\" content=\"https:\/\/immanuelhoffmann.de\/wp-content\/uploads\/2024\/04\/IMG-20231117-WA0012-225x300.jpg\" \/>\n<meta name=\"twitter:card\" content=\"summary_large_image\" \/>\n<meta name=\"twitter:label1\" content=\"Gesch\u00e4tzte Lesezeit\" \/>\n\t<meta name=\"twitter:data1\" content=\"1\u00a0Minute\" \/>\n<script type=\"application\/ld+json\" class=\"yoast-schema-graph\">{\"@context\":\"https:\\\/\\\/schema.org\",\"@graph\":[{\"@type\":\"WebPage\",\"@id\":\"https:\\\/\\\/immanuelhoffmann.de\\\/index.php\\\/agenda\\\/\",\"url\":\"https:\\\/\\\/immanuelhoffmann.de\\\/index.php\\\/agenda\\\/\",\"name\":\"Agenda - Immanuel Hoffmann: Ihr B\u00fcrgermeisterkandidat der CDU\",\"isPartOf\":{\"@id\":\"https:\\\/\\\/immanuelhoffmann.de\\\/#website\"},\"primaryImageOfPage\":{\"@id\":\"https:\\\/\\\/immanuelhoffmann.de\\\/index.php\\\/agenda\\\/#primaryimage\"},\"image\":{\"@id\":\"https:\\\/\\\/immanuelhoffmann.de\\\/index.php\\\/agenda\\\/#primaryimage\"},\"thumbnailUrl\":\"https:\\\/\\\/immanuelhoffmann.de\\\/wp-content\\\/uploads\\\/2024\\\/04\\\/IMG-20231117-WA0012-225x300.jpg\",\"datePublished\":\"2024-03-26T15:14:15+00:00\",\"dateModified\":\"2024-04-01T17:42:59+00:00\",\"breadcrumb\":{\"@id\":\"https:\\\/\\\/immanuelhoffmann.de\\\/index.php\\\/agenda\\\/#breadcrumb\"},\"inLanguage\":\"de\",\"potentialAction\":[{\"@type\":\"ReadAction\",\"target\":[\"https:\\\/\\\/immanuelhoffmann.de\\\/index.php\\\/agenda\\\/\"]}]},{\"@type\":\"ImageObject\",\"inLanguage\":\"de\",\"@id\":\"https:\\\/\\\/immanuelhoffmann.de\\\/index.php\\\/agenda\\\/#primaryimage\",\"url\":\"https:\\\/\\\/immanuelhoffmann.de\\\/wp-content\\\/uploads\\\/2024\\\/04\\\/IMG-20231117-WA0012.jpg\",\"contentUrl\":\"https:\\\/\\\/immanuelhoffmann.de\\\/wp-content\\\/uploads\\\/2024\\\/04\\\/IMG-20231117-WA0012.jpg\",\"width\":1536,\"height\":2048},{\"@type\":\"BreadcrumbList\",\"@id\":\"https:\\\/\\\/immanuelhoffmann.de\\\/index.php\\\/agenda\\\/#breadcrumb\",\"itemListElement\":[{\"@type\":\"ListItem\",\"position\":1,\"name\":\"Startseite\",\"item\":\"https:\\\/\\\/immanuelhoffmann.de\\\/\"},{\"@type\":\"ListItem\",\"position\":2,\"name\":\"Agenda\"}]},{\"@type\":\"WebSite\",\"@id\":\"https:\\\/\\\/immanuelhoffmann.de\\\/#website\",\"url\":\"https:\\\/\\\/immanuelhoffmann.de\\\/\",\"name\":\"Immanuel Hoffmann: Ihr B\u00fcrgermeisterkandidat der CDU\",\"description\":\"\",\"publisher\":{\"@id\":\"https:\\\/\\\/immanuelhoffmann.de\\\/#organization\"},\"potentialAction\":[{\"@type\":\"SearchAction\",\"target\":{\"@type\":\"EntryPoint\",\"urlTemplate\":\"https:\\\/\\\/immanuelhoffmann.de\\\/?s={search_term_string}\"},\"query-input\":{\"@type\":\"PropertyValueSpecification\",\"valueRequired\":true,\"valueName\":\"search_term_string\"}}],\"inLanguage\":\"de\"},{\"@type\":\"Organization\",\"@id\":\"https:\\\/\\\/immanuelhoffmann.de\\\/#organization\",\"name\":\"Immanuel Hoffmann: Ihr B\u00fcrgermeisterkandidat der CDU\",\"url\":\"https:\\\/\\\/immanuelhoffmann.de\\\/\",\"logo\":{\"@type\":\"ImageObject\",\"inLanguage\":\"de\",\"@id\":\"https:\\\/\\\/immanuelhoffmann.de\\\/#\\\/schema\\\/logo\\\/image\\\/\",\"url\":\"https:\\\/\\\/immanuelhoffmann.de\\\/wp-content\\\/uploads\\\/2024\\\/04\\\/cropped-logo_leer_png-e1711988577475.png\",\"contentUrl\":\"https:\\\/\\\/immanuelhoffmann.de\\\/wp-content\\\/uploads\\\/2024\\\/04\\\/cropped-logo_leer_png-e1711988577475.png\",\"width\":189,\"height\":52,\"caption\":\"Immanuel Hoffmann: Ihr B\u00fcrgermeisterkandidat der CDU\"},\"image\":{\"@id\":\"https:\\\/\\\/immanuelhoffmann.de\\\/#\\\/schema\\\/logo\\\/image\\\/\"}}]}<\/script>\n<!-- \/ Yoast SEO plugin. -->","yoast_head_json":{"title":"Agenda - Immanuel Hoffmann: Ihr B\u00fcrgermeisterkandidat der CDU","robots":{"index":"index","follow":"follow","max-snippet":"max-snippet:-1","max-image-preview":"max-image-preview:large","max-video-preview":"max-video-preview:-1"},"canonical":"https:\/\/immanuelhoffmann.de\/index.php\/agenda\/","og_locale":"de_DE","og_type":"article","og_title":"Agenda - Immanuel Hoffmann: Ihr B\u00fcrgermeisterkandidat der CDU","og_description":"1. Sparsame Verwaltung: verantwortungsvoller Umgang mit Steuermitteln\u00a0 &#8211;&gt; Freiraum f\u00fcr Senkungen der Umlage schaffen 2. Faire Zusammenarbeit mit Ortsgemeinden, Ehrenamtlichen und B\u00fcrgern: offene Kommunikation, transparente Entscheidungen &#8211;&gt; demokratische Prozesse 3. B\u00fcrgernahe Verwaltung:\u00a0 Die VG Verwaltung ist als Teil des Staates dazu da, m\u00f6glichst ger\u00e4uschlos zu funktionieren &#8211;&gt; daf\u00fcr stehe ich pers\u00f6nlich ein","og_url":"https:\/\/immanuelhoffmann.de\/index.php\/agenda\/","og_site_name":"Immanuel Hoffmann: Ihr B\u00fcrgermeisterkandidat der CDU","article_modified_time":"2024-04-01T17:42:59+00:00","og_image":[{"url":"https:\/\/immanuelhoffmann.de\/wp-content\/uploads\/2024\/04\/IMG-20231117-WA0012-225x300.jpg","type":"","width":"","height":""}],"twitter_card":"summary_large_image","twitter_misc":{"Gesch\u00e4tzte Lesezeit":"1\u00a0Minute"},"schema":{"@context":"https:\/\/schema.org","@graph":[{"@type":"WebPage","@id":"https:\/\/immanuelhoffmann.de\/index.php\/agenda\/","url":"https:\/\/immanuelhoffmann.de\/index.php\/agenda\/","name":"Agenda - Immanuel Hoffmann: Ihr B\u00fcrgermeisterkandidat der CDU","isPartOf":{"@id":"https:\/\/immanuelhoffmann.de\/#website"},"primaryImageOfPage":{"@id":"https:\/\/immanuelhoffmann.de\/index.php\/agenda\/#primaryimage"},"image":{"@id":"https:\/\/immanuelhoffmann.de\/index.php\/agenda\/#primaryimage"},"thumbnailUrl":"https:\/\/immanuelhoffmann.de\/wp-content\/uploads\/2024\/04\/IMG-20231117-WA0012-225x300.jpg","datePublished":"2024-03-26T15:14:15+00:00","dateModified":"2024-04-01T17:42:59+00:00","breadcrumb":{"@id":"https:\/\/immanuelhoffmann.de\/index.php\/agenda\/#breadcrumb"},"inLanguage":"de","potentialAction":[{"@type":"ReadAction","target":["https:\/\/immanuelhoffmann.de\/index.php\/agenda\/"]}]},{"@type":"ImageObject","inLanguage":"de","@id":"https:\/\/immanuelhoffmann.de\/index.php\/agenda\/#primaryimage","url":"https:\/\/immanuelhoffmann.de\/wp-content\/uploads\/2024\/04\/IMG-20231117-WA0012.jpg","contentUrl":"https:\/\/immanuelhoffmann.de\/wp-content\/uploads\/2024\/04\/IMG-20231117-WA0012.jpg","width":1536,"height":2048},{"@type":"BreadcrumbList","@id":"https:\/\/immanuelhoffmann.de\/index.php\/agenda\/#breadcrumb","itemListElement":[{"@type":"ListItem","position":1,"name":"Startseite","item":"https:\/\/immanuelhoffmann.de\/"},{"@type":"ListItem","position":2,"name":"Agenda"}]},{"@type":"WebSite","@id":"https:\/\/immanuelhoffmann.de\/#website","url":"https:\/\/immanuelhoffmann.de\/","name":"Immanuel Hoffmann: Ihr B\u00fcrgermeisterkandidat der CDU","description":"","publisher":{"@id":"https:\/\/immanuelhoffmann.de\/#organization"},"potentialAction":[{"@type":"SearchAction","target":{"@type":"EntryPoint","urlTemplate":"https:\/\/immanuelhoffmann.de\/?s={search_term_string}"},"query-input":{"@type":"PropertyValueSpecification","valueRequired":true,"valueName":"search_term_string"}}],"inLanguage":"de"},{"@type":"Organization","@id":"https:\/\/immanuelhoffmann.de\/#organization","name":"Immanuel Hoffmann: Ihr B\u00fcrgermeisterkandidat der CDU","url":"https:\/\/immanuelhoffmann.de\/","logo":{"@type":"ImageObject","inLanguage":"de","@id":"https:\/\/immanuelhoffmann.de\/#\/schema\/logo\/image\/","url":"https:\/\/immanuelhoffmann.de\/wp-content\/uploads\/2024\/04\/cropped-logo_leer_png-e1711988577475.png","contentUrl":"https:\/\/immanuelhoffmann.de\/wp-content\/uploads\/2024\/04\/cropped-logo_leer_png-e1711988577475.png","width":189,"height":52,"caption":"Immanuel Hoffmann: Ihr B\u00fcrgermeisterkandidat der CDU"},"image":{"@id":"https:\/\/immanuelhoffmann.de\/#\/schema\/logo\/image\/"}}]}},"_links":{"self":[{"href":"https:\/\/immanuelhoffmann.de\/index.php\/wp-json\/wp\/v2\/pages\/47","targetHints":{"allow":["GET"]}}],"collection":[{"href":"https:\/\/immanuelhoffmann.de\/index.php\/wp-json\/wp\/v2\/pages"}],"about":[{"href":"https:\/\/immanuelhoffmann.de\/index.php\/wp-json\/wp\/v2\/types\/page"}],"author":[{"embeddable":true,"href":"https:\/\/immanuelhoffmann.de\/index.php\/wp-json\/wp\/v2\/users\/1"}],"replies":[{"embeddable":true,"href":"https:\/\/immanuelhoffmann.de\/index.php\/wp-json\/wp\/v2\/comments?post=47"}],"version-history":[{"count":3,"href":"https:\/\/immanuelhoffmann.de\/index.php\/wp-json\/wp\/v2\/pages\/47\/revisions"}],"predecessor-version":[{"id":82,"href":"https:\/\/immanuelhoffmann.de\/index.php\/wp-json\/wp\/v2\/pages\/47\/revisions\/82"}],"wp:attachment":[{"href":"https:\/\/immanuelhoffmann.de\/index.php\/wp-json\/wp\/v2\/media?parent=47"}],"curies":[{"name":"wp","href":"https:\/\/api.w.org\/{rel}","templated":true}]}}